
5254160
In base 3, what is 11201110212202 - 22?
11201110212110
In base 16, what is -1d8bc5 - f?
-1d8bd4
In base 9, what is 145000 - 548?
144341
In base 15, what is 5 + d3a475?
d3a47a
In base 10, what is 350 + 794323?
794673
In base 5, what is -13 + 221400121?
221400103
In base 11, what is 4372 + -283?
409a
In base 10, what is -20866959 + -70?
-20867029
In base 9, what is 30164548 + -4?
30164544
In base 2, what is 1101101001000011 - -10100111?
1101101011101010
In base 10, what is 931 + 75968?
76899
In base 4, what is 112220130111 - -20?
112220130131
In base 15, what is 0 + -3ba5a21?
-3ba5a21
In base 15, what is 1c4be + -31?
1c48d
In base 9, what is 35635 - 210?
35425
In base 8, what is 232 + 1314072?
1314324
In base 7, what is -1242 + -3454563?
-3456135
In base 11, what is -36336 + a5?
-36241
In base 2, what is -1011111010010000100 + 1111110?
-1011111010000000110
In base 3, what is -11102021220001 + -12?
-11102021220020
In base 16, what is -7912a1 - -3?
-79129e
In base 11, what is -1250 - 4a87?
-6227
In base 3, what is 121200100 + -1220000201?
-1021100101
In base 6, what is -153054154 - 110?
-153054304
In base 9, what is -14 - 846638?
-846653
In base 15, what is -4876a0 - 5?
-4876a5
In base 2, what is -100111000 + 110101000011010001010?
110101000010101010010
In base 9, what is -4 + 655262228?
655262224
In base 5, what is -431420344 - -10?
-431420334
In base 2, what is 101111010101011111111100001 - -11?
101111010101011111111100100
In base 11, what is -27a707 + -2?
-27a709
In base 5, what is -402421 + -12202?
-420123
In base 11, what is -20460 + 450?
-20010
In base 13, what is -377a55c2 - 1?
-377a55c3
In base 8, what is -543 - 377217?
-377762
In base 11, what is 65471 + -19?
65453
In base 12, what is 7b375 - 615?
7a960
In base 15, what is -67624d - -5?
-676248
In base 3, what is 2002202010 - -2200122?
2012102202
In base 14, what is -859d - 58?
-8617
In base 16, what is -a + cec91a?
cec910
In base 2, what is -110001011001 + -111111001000?
-1110000100001
In base 3, what is 0 + -12222101000221201?
-12222101000221201
In base 10, what is -13 - -4718883?
4718870
In base 2, what is 1011100101011001000101 - 1?
1011100101011001000100
In base 7, what is 0 - -5036220361?
5036220361
In base 6, what is -1211322 + 3131?
-1204151
In base 6, what is 1020223445 + 3?
1020223452
In base 12, what is a3 + -52764?
-52681
In base 4, what is 1030203201303310 - 1?
1030203201303303
In base 11, what is 52895 + -100a?
51886
In base 7, what is 1 - 120522306?
-120522305
In base 3, what is 10200011110 - 1200002?
10121111101
In base 2, what is 110010001111011101010000 + 101?
110010001111011101010101
In base 14, what is 1 - -34c657?
34c658
In base 15, what is -e6ec80 - -15?
-e6ec6a
In base 9, what is -6184075 + 6?
-6184068
In base 16, what is dcf32 + -16?
dcf1c
In base 13, what is -193ccc - -25?
-193ca7
In base 13, what is 8 - -63436b9?
63436c4
In base 10, what is 8919 - 8079?
840
In base 13, what is 4124 - -3a1?
44c5
In base 14, what is 251 + -1825?
-15b4
In base 6, what is 12 - 3404314441?
-3404314425
In base 8, what is 101556 + 105?
101663
In base 12, what is 197 - -b872a3?
b8747a
In base 3, what is -211221120022120 - -2?
-211221120022111
In base 10, what is -29 - -133697?
133668
In base 16, what is -d6d59 + 8?
-d6d51
In base 10, what is 39075 - 1185?
37890
In base 15, what is 24 + -5338ae?
-53388a
In base 15, what is -9 + 5c0d7?
5c0cd
In base 14, what is -4 + -351c15?
-351c19
In base 11, what is -1199 + -7629?
-8817
In base 12, what is -291266 - -45?
-291221
In base 14, what is 8b98 + 81?
8c39
In base 15, what is -63e3 + ea?
-62e8
In base 2, what is 11000101 - 1111111111011010001?
-1111111111000001100
In base 6, what is 535450 - -25014?
1004504
In base 8, what is -1663152 + 204?
-1662746
In base 2, what is -10101 - 1000111111001111011010?
-1000111111001111101111
In base 2, what is 10110010000 - -11101010001010001?
11101100111100001
In base 2, what is 11111101010111011 + 11?
11111101010111110
In base 12, what is a8936a - -2?
a89370
In base 3, what is 10121122120101011 - -21?
10121122120101102
In base 16, what is -c968b1 + -2?
-c968b3
In base 5, what is 23144 + -243432?
-220233
In base 13, what is -6a1 - -405c?
368b
In base 7, what is 24 + 20616135?
20616162
In base 11, what is -120 + 40405?
40295
In base 10, what is -16115 - 1338?
-17453
In base 8, what is 74545402 - 17?
74545363
In base 10, what is 203 + -1961636?
-1961433
In base 16, what is 16f2 - 27?
16cb
In base 16, what is cf - 4321?
-4252
In base 8, what is -7101 + -203?
-7304
In base 14, what is -2 + 58a618?
58a616
In base 8, what is -22 + -77346143?
-77346165
In base 3, what is 1200012212201 + -10?
1200012212121
In base 6, what is -32455142 - -1422?
-32453320
In base 11, what is 1354 + 7797?
9040
In base 15, what is -3 - 12882ad?
-12882b1
In base 8, what is 0 - 413771?
-413771
In base 6, what is 4513 + -10404?
-1451
In base 11, what is 4 - 12004274?
-12004270
In base 6, what is 51430 - -3103?
54533
In base 3, what is 10212201202 + 1002111?
10220211020
In base 15, what is 33 + -92b7?
-9284
In base 3, what is 22001110111211122 + -2?
22001110111211120
In base 7, what is 55 + -126151?
-126063
In base 14, what is -5 - 3737716?
-373771b
In base 10, what is -305 + -207482?
-207787
In base 6, what is -2 + 104244530?
104244524
In base 11, what is -7a356 + -344?
-7a69a
In base 2, what is 11001 + 1001100010011101111100011?
1001100010011101111111100
In base 12, what is 2b6845 + 1?
2b6846
In base 4, what is 1020211 + 3313122?
10333333
In base 12, what is 2 + 633a741?
633a743
In base 8, what is 35177121 - -14?
35177135
In base 15, what is -1b - 6187e8?
-618814
In base 4, what is -333331 - -12300003?
11300012
In base 2, what is 110 + -10101001110000011?
-10101001101111101
In base 15, what is -5 - -e6d0b3?
e6d0ad
In base 2, what is -1000011011011 - 1101010011?
-1010000101110
In base 4, what is -3 + -10212213002011?
-10212213002020
In base 14, what is -b19 - 13b?
-c56
In base 12, what is -22 - 3176ab0?
-3176b12
In base 13, what is 43a - 1783?
-1346
In base 5, what is 4 - -20201300?
20201304
In base 6, what is -10112 - -20154?
10042
In base 14, what is 203b45a + 4?
203b460
In base 12, what is -2175 - -310?
-1a65
In base 10, what is 5 + 715564?
715569
In base 5, what is -1400 + 203024?
201124
In base 16, what is ab162 + -141?
ab021
In base 13, what is -12c105 + -209?
-12c311
In base 9, what is 4 + 2438?
2443
In base 15, what is 1c920b + -2?
1c9209
In base 6, what is 101011 - -14151?
115202
In base 16, what is -27b - -6ceb9?
6cc3e
In base 8, what is 154 + -10072006?
-10071632
In base 12, what is b1 + 24bb?
25b0
In base 4, what is 101000131333 + -2?
101000131331
In base 13, what is 18a7b - -a09?
19787
In base 2, what is 11101111 + 1011111100111101011?
1011111101011011010
In base 15, what is -266 + -582?
-7e8
In base 10, what is -20668670 - 4?
-20668674
In base 11, what is -164a003 + -395?
-164a398
In base 10, what is -5 + -40922642?
-40922647
In base 13, what is -158 - -1652?
14c7
In base 7, what is 164422520 + 1?
164422521
In base 8, what is -5222241576 - 0?
-5222241576
In base 6, what is -105423201344 - 4?
-105423201352
In base 5, what is -41401244 + -10421?
-41412220
In base 5, what is 11303222100 - 10?
11303222040
In base 6, what is -1 + -123032313?
-123032314
In base 11, what is -364 + -9286?
-963a
In base 9, what is 1 + -16138346?
-16138345
In base 16, what is -12 - 11afca?
-11afdc
In base 16, what is a7fdc9 - 2?
a7fdc7
In base 16, what is -569829 - -7?
-569822
In base 13, what is -1 + 909a276?
909a275
In base 16, what is 3c - -f77c3?
f77ff
In base 4, what is 2231110231033 + -1?
2231110231032
In base 9, what is -2055173 - 646?
-2055830
In base 8, what is -230 + 336155?
335725
In base 9, what is 13326 - 3114?
10212
In base 12, what is -1950bbb - -7?
-1950bb4
In base 13, what is 7911 + -1772?
616c
In base 8, what is 5164436 - -6?
5164444
In base 14, what is -72d + 84?
-689
In base 3, what is 211111101002 - 12?
211111100220
In base 15, what is 223c9 - 2c?
2239c
In base 11, what is -755404a + 7?
-7554043
In base 11, what is 75567 - -33?
7559a
In base 5, what is -13 - -1222331?
1222313
In base 3, what is 200110202121 - 122101?
200110010020
In base 5, what is 1 - -2344130041?
2344130042
In base 4, what is -233001202313 - 133?
-2330